divisor of 257632 and 8798.
166
What is the greatest common factor of 2021559 and 10965?
129
What is the greatest common factor of 3014 and 13912426?
22
What is the highest common divisor of 23835 and 3435600?
105
Calculate the greatest common divisor of 286 and 37920168.
286
Calculate the greatest common divisor of 444731145 and 15.
15
What is the highest common divisor of 84 and 1897400862?
42
Calculate the highest common divisor of 37471 and 90524.
371
What is the greatest common divisor of 4752 and 1648?
16
What is the highest common divisor of 488 and 140304?
8
Calculate the greatest common factor of 1062189 and 151191.
963
What is the highest common divisor of 32280613 and 10048?
157
Calculate the highest common factor of 224 and 16709008.
16
What is the highest common factor of 2644 and 20260972?
2644
Calculate the highest common divisor of 355738 and 5717524.
4286
Calculate the highest common divisor of 4182 and 8084544.
246
Calculate the highest common factor of 4893125 and 15625.
625
What is the greatest common divisor of 116 and 105783242?
58
Calculate the highest common divisor of 227648253 and 399.
399
Calculate the highest common factor of 286780 and 1671280.
260
Calculate the highest common factor of 2886107 and 1659.
553
Calculate the greatest common factor of 24 and 1969972512.
24
Calculate the greatest common factor of 198506 and 1982482.
2578
Calculate the greatest common factor of 1110 and 626329155.
555
What is the highest common divisor of 2398188 and 996?
12
What is the greatest common factor of 1821747 and 141?
3
What is the highest common factor of 275 and 9736045?
55
Calculate the greatest common divisor of 48 and 5175568.
16
Calculate the highest common divisor of 13211679 and 312.
39
Calculate the highest common divisor of 74508 and 119868.
84
What is the highest common factor of 21318031 and 19610?
1961
What is the greatest common divisor of 22470444 and 790?
158
Calculate the greatest common factor of 792450 and 4605.
15
What is the highest common divisor of 10817131 and 56781?
701
Calculate the highest common divisor of 3470 and 410038102.
694
What is the highest common divisor of 14776775 and 95?
95
What is the highest common factor of 7899520 and 10?
10
What is the highest common factor of 10802536 and 256?
8
What is the greatest common divisor of 419484 and 10452?
156
What is the highest common divisor of 592409 and 369?
41
What is the highest common divisor of 3860312584 and 2416?
1208
What is the greatest common factor of 104051 and 1012556?
1553
What is the highest common factor of 126 and 15820551?
9
What is the highest common factor of 1056 and 2327316288?
1056
What is the highest common divisor of 11 and 90006004?
11
What is the highest common divisor of 35225705 and 395?
395
What is the highest common factor of 29 and 17036659?
29
Calculate the highest common divisor of 22 and 223034999.
11
What is the highest common divisor of 25899726 and 6?
6
Calculate the greatest common factor of 1601 and 165676283.
1601
What is the greatest common divisor of 3045 and 304185?
105
Calculate the greatest common divisor of 627669 and 309099.
861
Calculate the greatest common divisor of 14985 and 72890.
185
Calculate the highest common divisor of 4413 and 4579223.
1471
Calculate the highest common divisor of 52872267 and 13737.
723
Calculate the highest common divisor of 842743 and 3795.
253
Calculate the greatest common divisor of 1371354 and 7944.
6
What is the highest common divisor of 39222 and 14?
2
What is the highest common divisor of 22 and 55939521?
11
Calculate the highest common divisor of 66665 and 6030.
335
What is the greatest common divisor of 1190 and 3434?
34
What is the greatest common factor of 60636 and 929?
1
Calculate the highest common divisor of 1525425 and 759.
33
Calculate the greatest common factor of 2373 and 2258823.
21
Calculate the greatest common factor of 86742 and 4026.
366
Calculate the greatest common factor of 2509 and 105612.
13
What is the greatest common divisor of 45 and 7613805?
15
Calculate the highest common factor of 6765 and 773751.
33
What is the greatest common factor of 16 and 123313368?
8
What is the highest common divisor of 7496 and 18314602?
1874
Calculate the highest common divisor of 16588 and 3147254.
638
Calculate the highest common divisor of 23175 and 127514.
103
What is the highest common divisor of 700 and 1076675?
25
What is the greatest common factor of 43 and 29830648?
43
What is the highest common factor of 35238348 and 289?
289
What is the greatest common divisor of 3912576 and 3456?
384
Calculate the greatest common factor of 9028 and 1616744.
244
Calculate the highest common divisor of 1834 and 6978632.
262
Calculate the highest common divisor of 3875 and 2212000.
125
What is the highest common divisor of 792249 and 3?
3
Calculate the greatest common divisor of 13452 and 18817106.
2242
Calculate the highest common factor of 3277149 and 424.
53
What is the highest common divisor of 747919 and 10?
1
What is the greatest common factor of 5750 and 2446625?
2875
Calculate the greatest common factor of 72795 and 4255.
115
Calculate the highest common factor of 1989013 and 377.
13
Calculate the greatest common factor of 18762815 and 13005.
85
What is the greatest common divisor of 372198646 and 8636?
4318
Calculate the greatest common divisor of 1210 and 28990786.
22
What is the highest common factor of 132 and 3307428?
12
What is the highest common divisor of 303 and 3252334128?
303
Calculate the highest common divisor of 9905 and 59250295.
1415
Calculate the greatest common divisor of 1603938 and 35.
7
Calculate the greatest common factor of 11199 and 17268.
3
Calculate the greatest common divisor of 422945496 and 5012.
716
What is the greatest common factor of 1874714 and 774?
86
Calculate the highest common divisor of 16 and 65536.
16
What is the highest common factor of 954 and 4833600?
318
What is the greatest common factor of 21802 and 804692?
1982
What is the highest common divisor of 379246 and 1468066?
526
What is the greatest common divisor of 784402944 and 1536?
1536
Calculate the greatest common factor of 3565107 and 15743.
91
What is the highest common divisor of 54952 and 2752?
8
What is the greatest common divisor of 12558 and 3110520?
966
Calculate the greatest common divisor of 794898 and 792576.
774
What is the highest common factor of 7560644 and 1078?
14
What is the greatest common divisor of 78599786 and 3634?
3634
What is the highest common factor of 59360 and 861568?
1696
What is the highest common factor of 15896088 and 31518?
306
Calculate the highest common factor of 965 and 5871253.
193
Calculate the highest common divisor of 75183949 and 654.
109
Calculate the greatest common divisor of 3799078110 and 90.
90
Calculate the highest common factor of 10091334 and 594.
66
Calculate the highest common divisor of 67604605 and 25.
5
What is the highest common divisor of 41521997 and 783?
29
What is the highest common factor of 511 and 464836260?
511
What is the greatest common divisor of 549 and 172609443?
549
What is the highest common factor of 13611 and 1873432?
349
Calculate the greatest common factor of 665 and 128802121.
133
What is the greatest common divisor of 129 and 323843664?
129
What is the greatest common divisor of 3168489 and 6141?
267
What is the highest common divisor of 575 and 1639670?
115
What is the highest common factor of 129924639 and 18?
9
What is the greatest common factor of 32944 and 1623841?
71
Calculate the greatest common divisor of 12021141 and 22.
11
Calculate the highest common factor of 14169326 and 114.
38
What is the greatest common divisor of 614 and 2047409402?
614
What is the greatest common factor of 1873378 and 3926?
26
What is the highest common factor of 8712126 and 2556?
1278
Calculate the greatest common divisor of 16592 and 4859824.
272
What is the highest common divisor of 26809575 and 4433?
403
Calculate the greatest common divisor of 520704 and 30.
6
Calculate the greatest common factor of 73 and 23953417.
73
What is the greatest common divisor of 10569 and 73957?
13
What is the greatest common factor of 811665 and 416160?
765
Calculate the highest common factor of 152 and 209171.
19